hest common divisor of 144 and 12816.
144
What is the greatest common factor of 1212 and 27?
3
What is the greatest common divisor of 792 and 176?
88
What is the greatest common divisor of 36642 and 372?
186
What is the greatest common factor of 96 and 128?
32
What is the highest common factor of 7140 and 2295?
255
Calculate the highest common factor of 185 and 296.
37
What is the greatest common divisor of 264 and 54?
6
What is the greatest common divisor of 105 and 336?
21
What is the greatest common factor of 96 and 66?
6
What is the highest common divisor of 4087 and 335?
67
What is the greatest common factor of 2385 and 225?
45
What is the highest common factor of 32680 and 456?
152
What is the greatest common factor of 11 and 176?
11
Calculate the highest common factor of 6026 and 1310.
262
Calculate the greatest common divisor of 21588 and 7.
7
What is the greatest common divisor of 159 and 74571?
159
What is the greatest common divisor of 4017 and 39?
39
Calculate the highest common divisor of 140 and 100.
20
What is the highest common factor of 16 and 2004?
4
Calculate the greatest common factor of 16 and 752.
16
Calculate the highest common factor of 43 and 731.
43
Calculate the highest common factor of 44 and 286.
22
Calculate the highest common divisor of 12607 and 7.
7
Calculate the highest common divisor of 20 and 235.
5
What is the greatest common factor of 25 and 185?
5
Calculate the highest common factor of 33 and 374.
11
Calculate the greatest common factor of 3179 and 11.
11
What is the greatest common divisor of 9 and 6?
3
What is the greatest common factor of 369 and 164?
41
What is the greatest common factor of 3939 and 468?
39
Calculate the greatest common divisor of 47 and 282.
47
What is the greatest common factor of 115 and 23?
23
Calculate the highest common factor of 100 and 1996.
4
What is the highest common factor of 585 and 65?
65
Calculate the greatest common factor of 9821 and 161.
161
Calculate the greatest common factor of 52 and 637.
13
Calculate the highest common divisor of 28829 and 127.
127
What is the highest common divisor of 34 and 2?
2
Calculate the greatest common divisor of 104 and 28.
4
What is the highest common divisor of 105 and 175?
35
What is the greatest common divisor of 365 and 5?
5
Calculate the greatest common divisor of 15546 and 6.
6
Calculate the highest common divisor of 1775 and 25.
25
What is the highest common factor of 22 and 18502?
22
Calculate the greatest common divisor of 1701 and 126.
63
What is the highest common divisor of 1089 and 99?
99
What is the highest common divisor of 1488 and 48?
48
What is the greatest common factor of 3 and 324?
3
What is the greatest common divisor of 68 and 2822?
34
Calculate the greatest common factor of 221 and 26.
13
Calculate the greatest common factor of 266 and 14.
14
What is the highest common divisor of 88 and 8888?
88
Calculate the greatest common factor of 646 and 2.
2
What is the greatest common factor of 154 and 14?
14
Calculate the highest common factor of 11 and 3091.
11
What is the highest common factor of 3589 and 194?
97
Calculate the highest common divisor of 645 and 2451.
129
Calculate the greatest common factor of 184 and 24.
8
Calculate the highest common divisor of 564 and 4794.
282
Calculate the greatest common factor of 48 and 16.
16
What is the greatest common factor of 21 and 2569?
7
Calculate the greatest common factor of 49 and 1.
1
What is the greatest common divisor of 561 and 357?
51
What is the greatest common divisor of 480 and 840?
120
Calculate the greatest common factor of 112 and 400.
16
Calculate the highest common factor of 75 and 60.
15
Calculate the highest common divisor of 1092 and 84.
84
What is the highest common factor of 28 and 44?
4
Calculate the highest common factor of 30 and 345.
15
Calculate the highest common factor of 104 and 338.
26
What is the greatest common divisor of 278 and 10564?
278
What is the greatest common factor of 98235 and 295?
295
Calculate the highest common divisor of 90 and 450.
90
What is the greatest common divisor of 495 and 22?
11
What is the highest common divisor of 242 and 1639?
11
What is the greatest common factor of 192 and 4080?
48
Calculate the greatest common factor of 24 and 48.
24
Calculate the greatest common divisor of 42 and 1134.
42
What is the greatest common factor of 66 and 418?
22
What is the greatest common factor of 56 and 56?
56
What is the highest common divisor of 39 and 1053?
39
What is the greatest common divisor of 21405 and 30?
15
What is the greatest common divisor of 77 and 483?
7
Calculate the greatest common factor of 86 and 6.
2
Calculate the greatest common divisor of 42 and 294.
42
Calculate the greatest common factor of 129 and 1677.
129
Calculate the highest common divisor of 11 and 37.
1
What is the greatest common divisor of 50 and 30?
10
Calculate the highest common divisor of 45 and 990.
45
What is the greatest common factor of 262 and 50566?
262
Calculate the greatest common divisor of 261 and 348.
87
Calculate the greatest common divisor of 534 and 890.
178
What is the highest common factor of 7 and 7210?
7
What is the highest common factor of 244 and 671?
61
What is the highest common divisor of 114 and 24?
6
Calculate the highest common divisor of 3776 and 354.
118
What is the highest common factor of 25 and 785?
5
Calculate the greatest common divisor of 1271 and 496.
31
What is the greatest common divisor of 5120 and 80?
80
What is the greatest common divisor of 26931 and 282?
141
Calculate the greatest common divisor of 70 and 238.
14
Calculate the highest common divisor of 816 and 3876.
204
Calculate the greatest common divisor of 180 and 1020.
60
What is the greatest common divisor of 866 and 6?
2
What is the greatest common divisor of 39 and 416?
13
Calculate the greatest common factor of 9 and 537.
3
Calculate the greatest common factor of 372 and 84.
12
Calculate the highest common factor of 800 and 20.
20
What is the highest common divisor of 108 and 33588?
108
Calculate the highest common factor of 675 and 825.
75
What is the greatest common divisor of 325 and 100?
25
What is the greatest common factor of 34 and 6001?
17
What is the highest common divisor of 150 and 300?
150
Calculate the greatest common divisor of 460 and 7130.
230
Calculate the highest common divisor of 22072 and 496.
248
Calculate the highest common divisor of 63 and 1260.
63
What is the highest common factor of 23740 and 40?
20
Calculate the highest common divisor of 407 and 37.
37
Calculate the greatest common factor of 248 and 88.
8
Calculate the highest common factor of 544 and 204.
68
What is the highest common factor of 1584 and 11?
11
Calculate the highest common factor of 12 and 3200.
4
What is the highest common divisor of 370 and 20?
10
What is the highest common factor of 3 and 219?
3
Calculate the greatest common divisor of 342 and 10944.
342
Calculate the greatest common divisor of 292 and 28.
4
What is the highest common factor of 38 and 1216?
38
Calculate the greatest common factor of 1075 and 50.
25
What is the highest common factor of 40 and 48?
8
Calculate the highest common divisor of 261 and 58.
29
Calculate the highest common divisor of 171 and 18.
9
Calculate the highest common divisor of 93 and 15624.
93
Calculate the greatest common factor of 518 and 296.
74
Calculate the highest common divisor of 361 and 247.
19
What is the greatest common divisor of 52 and 6331?
13
What is the greatest common divisor of 203 and 3683?
29
What is the highest common factor of 6557 and 83?
83
What is the greatest common divisor of 10 and 29030?
10
What is the greatest common factor of 2 and 1?
1
What is the highest common factor of 57 and 513?
57
What is the highest common divisor of 624 and 144?
48
What is the highest common factor of 1079 and 13?
13
What is the greatest common factor of 125 and 1600?
25
What is the highest common factor of 75 and 5525?
25
What is the highest common factor of 324 and 1080?
108
Calculate the highest common factor of 8 and 108.
4
Calculate the greatest common divisor of 224 and 32.
32
What is the highest common factor of 2438 and 184?
46
What is the highest common factor of 57 and 51?
3
What is the hig